hat is the highest common factor of o and 182?
26
Suppose p - 6*p = 5*y - 610, 4*p = -2*y + 254. Let l = y + -33. What is the greatest common divisor of 12 and l?
12
Suppose -2*i - 5*d = -848, 5*i + 6*d - 2190 = 11*d. Calculate the highest common factor of i and 14.
14
Suppose -4*n + 0*n + 12 = 0, 4*h = 3*n + 327. Let s be 14*12/16*2. What is the highest common factor of h and s?
21
Let i(n) = 12 - 27 + 37*n + 1. Let s be i(2). Calculate the highest common divisor of 15 and s.
15
Suppose 0*v = -v + 2. Let t = 1195 - 1193. What is the greatest common divisor of v and t?
2
Let u be 21*(-3)/(-6)*(-4 - -14). What is the highest common divisor of u and 42?
21
Suppose -5*i = -r - i + 200, -2*r - 2*i = -350. Calculate the highest common divisor of r and 20.
20
Let s = 3218 + -3172. Let q = 5 + -3. Calculate the highest common divisor of q and s.
2
Suppose -2*k + 3*u + 136 = 0, 4*k - 2*u - 280 = -0*u. Let m = 116 - k. What is the highest common divisor of 180 and m?
45
Let u(r) = -r**2 + 9*r + 23. Let f be 150/14 - (-12)/42. Let s be u(f). Suppose -2*d + 4 = -2. Calculate the greatest common divisor of s and d.
1
Let c = 11 - 7. Let t be (c/3)/(54/243). What is the greatest common factor of t and 1?
1
Let z be (-1 - -6) + 51 - -4. What is the greatest common divisor of 40 and z?
20
Suppose l = 5*j, -7*l + 2*l + j = -24. Suppose -5*i = l*f + 10, -4 = f - 5*f - i. What is the greatest common factor of f and 3?
1
Let q be 2 - 4 - (8 + 3 - -2). Let u be (-1 + (-5)/q)*-18. Calculate the highest common factor of 84 and u.
12
Let f(p) = -4*p**3 - 86*p**2 - 56*p - 47. Let l be f(-21). What is the greatest common factor of l and 437?
19
Let y(v) = v**3 + 6*v**2 + 3*v + 7. Let b be y(-4). Calculate the greatest common divisor of b and 405.
27
Suppose 0 = -5*a - 2*y + 1291, 4*a - 734 - 300 = -y. Let r = -133 + a. What is the highest common divisor of 18 and r?
18
Let c = -80 - -115. Let h be ((-248)/(-6))/4*(-3 - 0). Let a = c + h. What is the greatest common factor of 12 and a?
4
Suppose 0 = 2*y - 3 - 3. Suppose -z = -1 + y. Let t be (z/3)/((-8)/108). What is the highest common factor of 45 and t?
9
Let g = -1 - -5. Let z = g + 1. Suppose -18*i + 21*i - 30 = 0. Calculate the greatest common factor of i and z.
5
Suppose -63 = -16*k + 145. Suppose 5*v = 212 - 17. What is the greatest common factor of v and k?
13
Let y(v) = -v**2 + 3*v + 7. Let x be y(5). Let a(p) = 6 + 4*p - 4*p - 2*p + 0*p. Let u be a(x). Calculate the greatest common factor of 24 and u.
12
Suppose 12*u - 74 = 238. Let o be 87/3 + -2 + -1. Calculate the greatest common factor of o and u.
26
Let j(w) = 105*w**2 + 23*w - 49. Let d be j(2). What is the highest common factor of 3 and d?
3
Suppose -4*x - 1 + 16 = l, 0 = 5*x - 5. What is the greatest common factor of l and 121?
11
Let g be (-7)/((-3 + 4)/(-1)). Let v = -7 + 11. Suppose v*q + 46 = 298. What is the highest common factor of q and g?
7
Let n be ((-4)/(-12))/((-2)/(-30)). Suppose a + n = 0, -2*c - 5*a - 123 = -4*c. Let l be (-9)/6 - 51/(-6). What is the greatest common factor of c and l?
7
Let z be -2 - (3 - -83 - 2). Let s = z + 130. Suppose -v - 3*v = -5*k + 326, -k + 64 = -2*v. Calculate the highest common divisor of k and s.
22
Let m = -385 + 961. What is the highest common factor of 64 and m?
64
Let j(a) = -10*a - 92. Let k be j(-12). Calculate the greatest common divisor of 868 and k.
28
Let l(q) = -4*q + 0*q + 2*q - q. Let d be l(-4). What is the greatest common factor of 18 and d?
6
Let y(s) = 8*s**3 + 3*s**2 - 2*s + 3. Let j be y(2). Calculate the greatest common factor of 60 and j.
15
Let x = -5 + 50. Let p(r) = 4*r**2 + 6*r + 2 - 6*r. Let i be p(2). Calculate the highest common factor of x and i.
9
Let j = -136 + 1166. Calculate the highest common divisor of 20 and j.
10
Suppose -4*f = 3*m - 106, 3*f - 166 = -5*m - f. What is the greatest common factor of 150 and m?
30
Let d(k) = k**3 - k**2 + k + 51. Let p be d(0). What is the highest common divisor of 68 and p?
17
Let u be 1 - (3 - 39)/4. Suppose -3*j + 4*k = -464, 2*k = -j + 91 + 77. Suppose -2*q + j = 2*q. Calculate the highest common factor of q and u.
10
Suppose -45 = 2*v - 207. Let x = 41 - 32. Calculate the greatest common divisor of v and x.
9
Let l = 168 - 103. Let u = 8 + 5. Suppose 3*h = 2*h + u. Calculate the greatest common factor of h and l.
13
Suppose -56*a + 62*a - 1560 = 0. Calculate the greatest common factor of 20 and a.
20
Suppose -2*l + 18 = -2*m, 2*l + 2*m - 43 = -25. Calculate the highest common divisor of 42 and l.
3
Suppose 10*r - 282 - 38 = 0. Calculate the highest common factor of r and 32.
32
Suppose -4*x = 99 + 941. Let a(y) = 27*y - 68. Let m be a(-4). Let w = m - x. What is the greatest common divisor of w and 14?
14
Let w = -398 + 405. Calculate the highest common divisor of 413 and w.
7
Let c(q) = -27*q + 17*q - 18 + 13*q. Let y be c(7). Calculate the highest common divisor of y and 12.
3
Suppose 23*a - 19271 = 14355. What is the highest common factor of 34 and a?
34
Let c = 785 + -772. Calculate the greatest common divisor of 4329 and c.
13
Suppose -7*i - 5*l + 272 = -4*i, 4*i - 4*l = 384. Calculate the greatest common divisor of 1786 and i.
94
Let t be (2 - 1)*1*87. Let s be -8 - -8*5/10. Let j be s - -7 - -29 - 3. Calculate the highest common divisor of j and t.
29
Let m be -3*2/(-3) - 2124/(-9). Calculate the greatest common factor of 42 and m.
14
Suppose -2*u - 3*u = -10. Suppose 2*s = -u*s + 16. Let m be (-3)/(-4) - (-557)/s. What is the highest common factor of 20 and m?
20
Suppose -3*k - 9 + 3 = -5*d, 5*d + 5*k + 10 = 0. Suppose 4*b - 2*b = d. Suppose -3*s + 72 + 1149 = b. Calculate the highest common factor of 37 and s.
37
Let h = -61 + 103. Suppose -l - 105 = -2*l. Calculate the greatest common divisor of h and l.
21
Suppose -13 = -11*l + 9*l + b, 11 = 2*l - 3*b. Calculate the highest common divisor of l and 7.
7
Suppose 26*m - 30*m = -4. Let j be -4 - ((-3 - 46) + m). Let l = 95 - 29. What is the greatest common factor of l and j?
22
Let g be (((-39)/6)/(7/(-42)))/1. Calculate the highest common factor of 169 and g.
13
Let o(m) = -m**2. Let x(a) = a**2 + 3*a + 4. Let c(y) = -2*o(y) - x(y). Let r be c(6). Let d = -772 + 926. What is the highest common divisor of r and d?
14
Suppose 780 = 45*n - 41*n. What is the greatest common factor of n and 15?
15
Let i be (95/(-57))/((-2)/(-6))*-95. What is the greatest common factor of i and 76?
19
Let h(d) = 113*d - 325. Let x be h(3). What is the greatest common factor of x and 742?
14
Let m(w) = 4*w + 22. Let n be m(-7). Let i be 9/n*4*-3. Calculate the highest common divisor of 9 and i.
9
Suppose 3*x - x - 4 = 0. Suppose -n + 4*u = -27, -3*u - 16 = -x*n + 53. Calculate the highest common divisor of 26 and n.
13
Let f = -18 - -27. Let s(d) = -d**3 - 22*d**2 - 105*d + 117. Let i be s(-9). Calculate the greatest common divisor of i and f.
9
Let q = 378 + -315. What is the highest common divisor of 28 and q?
7
Suppose -2100 = -8*c + 1852. Calculate the greatest common divisor of c and 13.
13
Suppose -3*n + 2*j + 18 = 5*j, -3*j = 4*n - 22. Let b be 198*n/24*3. Calculate the highest common divisor of 11 and b.
11
Let r(n) = -n**3 - 6*n**2 - 7*n - 8. Let a be r(-5). Suppose -a*u + 5 = 15. Let o be 4/(-10) + (-52)/u. Calculate the highest common divisor of o and 20.
10
Let g = 72 + -68. Let i be (-90)/g*(-5)/((-60)/(-8)). Calculate the highest common factor of i and 10.
5
Suppose 0 = 2*s + 2*s - 192. Suppose -5*z - 5*a = -3 + s, -9 = 3*a. Let i = -5 - z. What is the highest common factor of 3 and i?
1
Let a(k) = k**3 - 7*k**2 + 12*k - 20. Let d be a(7). What is the highest common divisor of 80 and d?
16
Let j = -56 + 92. Let g = j + -26. What is the highest common divisor of g and 10?
10
Let g be (-12)/2*(-3)/18. Suppose d + 3*d - 3*l + 18 = 0, g = -3*d - 4*l. Let a be 3*2/d - -3. Calculate the greatest common divisor of 7 and a.
1
Let i(b) = -10*b - 28. Let q be i(-6). What is the greatest common divisor of q and 16?
16
Let l be (-1)/(-2)*-2 - -2. Let d(a) = a**2 - 34*a + 34. Let r be d(1). Calculate the greatest common divisor of r and l.
1
Suppose 3*l = -l + 16. Suppose 3*q + 3*s + 0*s = 12, 3*q + 2*s - 10 = 0. Calculate the greatest common divisor of l and q.
2
Let t be 10/(-3)*(-36)/10. Let 